t is the hundreds digit of 58112?
1
What is the units digit of 1649?
9
What is the units digit of 8119?
9
What is the hundreds digit of 5155?
1
What is the thousands digit of 21231?
1
What is the tens digit of 10300?
0
What is the units digit of 1632?
2
What is the tens digit of 1332?
3
What is the hundreds digit of 548?
5
What is the thousands digit of 3505?
3
What is the thousands digit of 6013?
6
What is the hundreds digit of 738?
7
What is the units digit of 584?
4
What is the hundreds digit of 4674?
6
What is the units digit of 11572?
2
What is the units digit of 481?
1
What is the units digit of 116863?
3
What is the ten thousands digit of 15088?
1
What is the units digit of 684?
4
What is the hundreds digit of 738?
7
What is the ten thousands digit of 36410?
3
What is the hundreds digit of 9783?
7
What is the ten thousands digit of 108351?
0
What is the units digit of 4852?
2
What is the tens digit of 1101?
0
What is the hundreds digit of 1567?
5
What is the hundreds digit of 981?
9
What is the units digit of 27190?
0
What is the tens digit of 103517?
1
What is the hundreds digit of 4614?
6
What is the thousands digit of 1286?
1
What is the tens digit of 38063?
6
What is the tens digit of 6560?
6
What is the thousands digit of 2593?
2
What is the hundreds digit of 22166?
1
What is the hundreds digit of 5470?
4
What is the tens digit of 4891?
9
What is the hundreds digit of 47441?
4
What is the hundreds digit of 1262?
2
What is the thousands digit of 1406?
1
What is the hundreds digit of 36850?
8
What is the units digit of 360?
0
What is the hundreds digit of 18889?
8
What is the hundreds digit of 5579?
5
What is the tens digit of 1343?
4
What is the ten thousands digit of 50561?
5
What is the thousands digit of 1841?
1
What is the tens digit of 4911?
1
What is the units digit of 3039?
9
What is the hundreds digit of 39996?
9
What is the thousands digit of 1992?
1
What is the tens digit of 5674?
7
What is the units digit of 703?
3
What is the tens digit of 148050?
5
What is the ten thousands digit of 14769?
1
What is the hundreds digit of 2256?
2
What is the ten thousands digit of 88262?
8
What is the units digit of 6364?
4
What is the hundreds digit of 505?
5
What is the hundreds digit of 1776?
7
What is the units digit of 93828?
8
What is the hundreds digit of 6024?
0
What is the units digit of 128?
8
What is the tens digit of 185?
8
What is the tens digit of 6555?
5
What is the thousands digit of 124116?
4
What is the tens digit of 33495?
9
What is the units digit of 9496?
6
What is the units digit of 1509?
9
What is the tens digit of 1945?
4
What is the tens digit of 154?
5
What is the hundreds digit of 1468?
4
What is the tens digit of 63875?
7
What is the thousands digit of 2005?
2
What is the thousands digit of 1246?
1
What is the tens digit of 633?
3
What is the units digit of 258?
8
What is the tens digit of 78681?
8
What is the thousands digit of 20994?
0
What is the tens digit of 13147?
4
What is the units digit of 56083?
3
What is the hundreds digit of 11229?
2
What is the hundreds digit of 1532?
5
What is the ten thousands digit of 10692?
1
What is the hundreds digit of 28658?
6
What is the thousands digit of 17694?
7
What is the thousands digit of 10220?
0
What is the tens digit of 1183?
8
What is the ten thousands digit of 16369?
1
What is the units digit of 70178?
8
What is the tens digit of 237?
3
What is the hundreds digit of 75938?
9
What is the hundreds digit of 8809?
8
What is the tens digit of 11042?
4
What is the units digit of 58?
8
What is the units digit of 987?
7
What is the tens digit of 869?
6
What is the ten thousands digit of 11139?
1
What is the units digit of 40693?
3
What is the hundreds digit of 2686?
6
What is the hundreds digit of 25628?
6
What is the units digit of 455?
5
What is the hundreds digit of 36705?
7
What is the tens digit of 1330?
3
What is the units digit of 2470?
0
What is the units digit of 93182?
2
What is the units digit of 10118?
8
What is the hundreds digit of 45805?
8
What is the units digit of 830?
0
What is the hundreds digit of 6069?
0
What is the tens digit of 4529?
2
What is the units digit of 12920?
0
What is the tens digit of 13228?
2
What is the hundreds digit of 2043?
0
What is the tens digit of 2191?
9
What is the units digit of 4756?
6
What is the hundreds digit of 5091?
0
What is the hundreds digit of 10216?
2
What is the tens digit of 659?
5
What is the thousands digit of 1836?
1
What is the units digit of 1448?
8
What is the units digit of 85?
5
What is the hundreds digit of 8878?
8
What is the thousands digit of 13018?
3
What is the units digit of 575?
5
What is the ten thousands digit of 32271?
3
What is the hundreds digit of 27217?
2
What is the units digit of 59514?
4
What is the thousands digit of 69664?
9
What is the thousands digit of 5246?
5
What is the tens digit of 5497?
9
What is the tens digit of 24435?
3
What is the ten thousands digit of 63042?
6
What is the units digit of 472?
2
What is the hundreds digit of 3738?
7
What is the thousands digit of 3949?
3
What is the hundreds digit of 362?
3
What is the hundreds digit of 117659?
6
What is the units digit of 622?
2
What is the tens digit of 9754?
5
What is the tens digit of 966?
6
What is the thousands digit of 11473?
1
What is the ten thousands digit of 79058?
7
What is the hundreds digit of 165144?
1
What is the hundreds digit of 21440?
4
What is the tens digit of 11635?
3
What is the units digit of 239?
9
What is the tens digit of 14988?
8
What is the units digit of 14263?
3
What is the tens digit of 16775?
7
What is the ten thousands digit of 19335?
1
What is the hundreds digit of 2719?
7
What is the thousands digit of 34826?
4
What is the units digit of 4559?
9
What is the tens digit of 7899?
9
What is the hundred thousands digit of 140542?
1
What is the tens digit of 68069?
6
What is the hundreds digit of 50911?
9
What is the tens digit of 3180?
8
What is the tens digit of 3637?
3
What is the tens digit of 107141?
4
What is the ten thousands digit of 48481?
4
What is the units digit of 406?
6
What is the tens digit of 29809?
0
What is the tens digit of 464?
6
What is the thousands digit of 1205?
1
What is the units digit of 869?
9
What is the thousands digit of 33867?
3
What is the tens digit of 1675?
7
What is the tens digit of 38115?
1
What is the hundreds digit of 484?
4
What is the thousands digit of 6072?
6
What is the units digit of 115121?
1
What is the thousands digit of 4225?
4
What is the units digit of 632?
2
What is the thousands digit of 25135?
5
What is the tens digit of 56862?
6
What is the hundreds digit of 7814?
8
What is the tens digit of 5792?
9
What is the units digit of 18597?
7
What is the hundreds digit of 1401?
4
What is the thousands digit of 9540?
9
What is the tens digit of 118?
1
What is the units digit of 71686?
6
What is the tens digit of 172?
7
What is the units digit of 18172?
2
What is the hundreds digit of 4093?
0
What is the units digit of 56?
6
What is the units digit of 414?
4
What is the hundreds digit of 6787?
7
What is the thousands digit of 2511?
2
What is the tens digit of 22617?
1
What is the tens digit of 568?
6
What is the tens digit of 15106?
0
What is the hundreds digit of 351?
3
What is the hundreds digit of 315?
3
What is the units digit of 1547?
7
What is the tens digit of 48?
4
What is the thousands digit of 8373?
8
What is the units digit of 3112?
2
What is the units digit of 5944?
4
What is the hundreds digit of 4128?
1
What is the ten thousands digit of 66692?
6
What is the hundreds digit of 1489?
4
What is the units digit of 467?
7
What is the thousands digit of 3396?
3
What is the ten thousands digit of 18495?
1
What is the tens digit of 3011?
1
What is the units digit of 5931?
1
What is the units digit of 1060?
0
What is the ten thousands digit of 32953?
3
What is the hundreds digit of 3814?
8
What is the tens digit of 13645?
4
What is the thousands digit of 90143?
0
What is the ten thousands digit of 136898?
3
What is the units digit of 2845?
5
What is the ten thousands digit of 48989?
4
What is the tens digit of 35092?
9
What is the units digit of 2827?
7
What is the tens digit of 542?
4
What is the tens digit of 3909?
0
What is the ten